{"id":11258,"date":"2016-06-13T08:36:18","date_gmt":"2016-06-13T08:36:18","guid":{"rendered":"http:\/\/eco-press.cmsmasters.net\/?page_id=11258"},"modified":"2024-06-09T17:16:37","modified_gmt":"2024-06-09T17:16:37","slug":"noticias","status":"publish","type":"page","link":"https:\/\/galenica.pe\/english\/noticias\/","title":{"rendered":"News"},"content":{"rendered":"<div id=\"cmsmasters_row_60be30ec03\" class=\"cmsmasters_row cmsmasters_color_scheme_default cmsmasters_row_top_default cmsmasters_row_bot_default cmsmasters_row_boxed\">\n<div class=\"cmsmasters_row_outer_parent\">\n<div class=\"cmsmasters_row_outer\">\n<div class=\"cmsmasters_row_inner\">\n<div class=\"cmsmasters_row_margin\">\n<div id=\"cmsmasters_column_4a82db11df\" class=\"cmsmasters_column one_first\">\n<div class=\"cmsmasters_column_inner\"><div id=\"blog_2aa4190909\" class=\"cmsmasters_wrap_blog entry-summary\" data-layout=\"timeline\" data-layout-mode=\"\" data-url=\"https:\/\/galenica.pe\/english\/wp-content\/plugins\/cmsmasters-content-composer\/\" data-orderby=\"date\" data-order=\"DESC\" data-count=\"6\" data-categories=\"news\" data-metadata=\"date,likes,more\" data-pagination=\"more\"><div class=\"blog timeline\"><!-- Start Post Timeline Article -->\r\n<article id=\"post-16807\" class=\"cmsmasters_post_timeline post-16807 post type-post status-publish format-standard has-post-thumbnail hentry category-news\">\r\n\t<div class=\"cmsmasters_post_info entry-meta\"><span class=\"cmsmasters_post_date cmsmasters-icon-calendar-3\"><abbr class=\"published\" title=\"April 24, 2026\"><span class=\"cmsmasters_day\">24<\/span><span class=\"cmsmasters_mon\">Apr<\/span><span class=\"cmsmasters_year\">2026<\/span><\/abbr><abbr class=\"dn date updated\" title=\"April 24, 2026\">April 24, 2026<\/abbr><\/span><\/div>\t<div class=\"cmsmasters_timeline_margin\">\r\n\t\t<div class=\"cmsmasters_post_cont\">\r\n\t\t\t<figure class=\"cmsmasters_img_wrap\"><a href=\"https:\/\/galenica.pe\/english\/instalacion-del-primer-equipo-clorocheck-en-peru-en-el-hospital-nacional-edgardo-rebagliati-martins\/\" title=\"Instalaci\u00f3n del primer equipo CLOROCHECK en Per\u00fa, en\u00a0el Hospital Nacional Edgardo Rebagliati Martins\" class=\"cmsmasters_img_link preloader\"><img loading=\"lazy\" decoding=\"async\" width=\"860\" height=\"500\" src=\"https:\/\/galenica.pe\/english\/wp-content\/uploads\/2026\/04\/upscalemedia-transformed-860x500.jpeg\" class=\"full-width wp-post-image\" alt=\"Instalaci\u00f3n del primer equipo CLOROCHECK en Per\u00fa, en\u00a0el Hospital Nacional Edgardo Rebagliati Martins\" title=\"upscalemedia-transformed\" \/><\/a><\/figure><header class=\"cmsmasters_post_header entry-header\"><h4 class=\"cmsmasters_post_title entry-title\"><a href=\"https:\/\/galenica.pe\/english\/instalacion-del-primer-equipo-clorocheck-en-peru-en-el-hospital-nacional-edgardo-rebagliati-martins\/\">Instalaci\u00f3n del primer equipo CLOROCHECK en Per\u00fa, en\u00a0el Hospital Nacional Edgardo Rebagliati Martins<\/a><\/h4><\/header><div class=\"cmsmasters_post_content entry-content\">\n<p>En el Hospital Edgardo Rebagliati se implement\u00f3 la nueva \u00e1rea de Fibrosis Qu\u00edstica, y Galenica Per\u00fa se hizo presente instalando...<\/p>\n<\/div>\n<a class=\"cmsmasters_post_read_more\" href=\"https:\/\/galenica.pe\/english\/instalacion-del-primer-equipo-clorocheck-en-peru-en-el-hospital-nacional-edgardo-rebagliati-martins\/\">Ver M\u00e1s<\/a><footer class=\"cmsmasters_post_footer entry-meta\"><div class=\"cmsmasters_post_footer_meta_info entry-meta\"><span class=\"cmsmasters_likes cmsmasters_post_likes\"><a href=\"#\" onclick=\"cmsmastersLike(16807, false); return false;\" id=\"cmsmastersLike-16807\" class=\"cmsmastersLike cmsmasters_theme_icon_like\"><span>0 <\/span><\/a><\/span><\/div><\/footer>\t\t<\/div>\r\n\t<\/div>\r\n<\/article>\r\n<!-- Finish Post Timeline Article -->\r\n\r\n<!-- Start Post Timeline Article -->\r\n<article id=\"post-16801\" class=\"cmsmasters_post_timeline post-16801 post type-post status-publish format-standard has-post-thumbnail hentry category-news\">\r\n\t<div class=\"cmsmasters_post_info entry-meta\"><span class=\"cmsmasters_post_date cmsmasters-icon-calendar-3\"><abbr class=\"published\" title=\"February 19, 2026\"><span class=\"cmsmasters_day\">19<\/span><span class=\"cmsmasters_mon\">Feb<\/span><span class=\"cmsmasters_year\">2026<\/span><\/abbr><abbr class=\"dn date updated\" title=\"February 19, 2026\">February 19, 2026<\/abbr><\/span><\/div>\t<div class=\"cmsmasters_timeline_margin\">\r\n\t\t<div class=\"cmsmasters_post_cont\">\r\n\t\t\t<figure class=\"cmsmasters_img_wrap\"><a href=\"https:\/\/galenica.pe\/english\/galenica-peru-obtuvo-el-importante-reconocimiento-premio-atellica-apertura-regional\/\" title=\"Galenica Per\u00fa obtuvo el importante reconocimiento &#8220;Premio Atellica apertura regional&#8221;\" class=\"cmsmasters_img_link preloader\"><img loading=\"lazy\" decoding=\"async\" width=\"352\" height=\"390\" src=\"https:\/\/galenica.pe\/english\/wp-content\/uploads\/2026\/02\/WhatsApp-Image-2026-02-19-at-08.41.11.jpeg\" class=\"full-width wp-post-image\" alt=\"Galenica Per\u00fa obtuvo el importante reconocimiento &#8220;Premio Atellica apertura regional&#8221;\" title=\"WhatsApp Image 2026-02-19 at 08.41.11\" srcset=\"https:\/\/galenica.pe\/english\/wp-content\/uploads\/2026\/02\/WhatsApp-Image-2026-02-19-at-08.41.11.jpeg 352w, https:\/\/galenica.pe\/english\/wp-content\/uploads\/2026\/02\/WhatsApp-Image-2026-02-19-at-08.41.11-271x300.jpeg 271w\" sizes=\"auto, (max-width: 352px) 100vw, 352px\" \/><\/a><\/figure><header class=\"cmsmasters_post_header entry-header\"><h4 class=\"cmsmasters_post_title entry-title\"><a href=\"https:\/\/galenica.pe\/english\/galenica-peru-obtuvo-el-importante-reconocimiento-premio-atellica-apertura-regional\/\">Galenica Per\u00fa obtuvo el importante reconocimiento &#8220;Premio Atellica apertura regional&#8221;<\/a><\/h4><\/header><div class=\"cmsmasters_post_content entry-content\">\n<p>En la \u00faltima reuni\u00f3n de distribuidores de Siemens realizada en Febrero del 2026, Galenica Per\u00fa obtuvo el importante reconocimiento &#8220;Premio...<\/p>\n<\/div>\n<a class=\"cmsmasters_post_read_more\" href=\"https:\/\/galenica.pe\/english\/galenica-peru-obtuvo-el-importante-reconocimiento-premio-atellica-apertura-regional\/\">Ver M\u00e1s<\/a><footer class=\"cmsmasters_post_footer entry-meta\"><div class=\"cmsmasters_post_footer_meta_info entry-meta\"><span class=\"cmsmasters_likes cmsmasters_post_likes\"><a href=\"#\" onclick=\"cmsmastersLike(16801, false); return false;\" id=\"cmsmastersLike-16801\" class=\"cmsmastersLike cmsmasters_theme_icon_like\"><span>0 <\/span><\/a><\/span><\/div><\/footer>\t\t<\/div>\r\n\t<\/div>\r\n<\/article>\r\n<!-- Finish Post Timeline Article -->\r\n\r\n<!-- Start Post Timeline Article -->\r\n<article id=\"post-16797\" class=\"cmsmasters_post_timeline post-16797 post type-post status-publish format-standard has-post-thumbnail hentry category-news\">\r\n\t<div class=\"cmsmasters_post_info entry-meta\"><span class=\"cmsmasters_post_date cmsmasters-icon-calendar-3\"><abbr class=\"published\" title=\"November 19, 2025\"><span class=\"cmsmasters_day\">19<\/span><span class=\"cmsmasters_mon\">Nov<\/span><span class=\"cmsmasters_year\">2025<\/span><\/abbr><abbr class=\"dn date updated\" title=\"November 19, 2025\">November 19, 2025<\/abbr><\/span><\/div>\t<div class=\"cmsmasters_timeline_margin\">\r\n\t\t<div class=\"cmsmasters_post_cont\">\r\n\t\t\t<figure class=\"cmsmasters_img_wrap\"><a href=\"https:\/\/galenica.pe\/english\/instalacion-del-analizador-de-hemoglobina-glicosilada-en-el-hospital-essalud-iii-de-iquitos-loreto\/\" title=\"Instalaci\u00f3n del Analizador de Hemoglobina Glicosilada en el Hospital EsSalud III de Iquitos &#8211; Loreto\" class=\"cmsmasters_img_link preloader\"><img loading=\"lazy\" decoding=\"async\" width=\"555\" height=\"307\" src=\"https:\/\/galenica.pe\/english\/wp-content\/uploads\/2025\/11\/image001.png\" class=\"full-width wp-post-image\" alt=\"Instalaci\u00f3n del Analizador de Hemoglobina Glicosilada en el Hospital EsSalud III de Iquitos &#8211; Loreto\" title=\"image001\" srcset=\"https:\/\/galenica.pe\/english\/wp-content\/uploads\/2025\/11\/image001.png 555w, https:\/\/galenica.pe\/english\/wp-content\/uploads\/2025\/11\/image001-300x166.png 300w\" sizes=\"auto, (max-width: 555px) 100vw, 555px\" \/><\/a><\/figure><header class=\"cmsmasters_post_header entry-header\"><h4 class=\"cmsmasters_post_title entry-title\"><a href=\"https:\/\/galenica.pe\/english\/instalacion-del-analizador-de-hemoglobina-glicosilada-en-el-hospital-essalud-iii-de-iquitos-loreto\/\">Instalaci\u00f3n del Analizador de Hemoglobina Glicosilada en el Hospital EsSalud III de Iquitos &#8211; Loreto<\/a><\/h4><\/header><div class=\"cmsmasters_post_content entry-content\">\n<p>Nos enorgullece el poder estar presentes en el Hospital EsSalud III de Iquitos &#8211; Loreto, en el \u00e1rea de Hematolog\u00eda...<\/p>\n<\/div>\n<a class=\"cmsmasters_post_read_more\" href=\"https:\/\/galenica.pe\/english\/instalacion-del-analizador-de-hemoglobina-glicosilada-en-el-hospital-essalud-iii-de-iquitos-loreto\/\">Ver M\u00e1s<\/a><footer class=\"cmsmasters_post_footer entry-meta\"><div class=\"cmsmasters_post_footer_meta_info entry-meta\"><span class=\"cmsmasters_likes cmsmasters_post_likes\"><a href=\"#\" onclick=\"cmsmastersLike(16797, false); return false;\" id=\"cmsmastersLike-16797\" class=\"cmsmastersLike cmsmasters_theme_icon_like\"><span>0 <\/span><\/a><\/span><\/div><\/footer>\t\t<\/div>\r\n\t<\/div>\r\n<\/article>\r\n<!-- Finish Post Timeline Article -->\r\n\r\n<!-- Start Post Timeline Article -->\r\n<article id=\"post-16793\" class=\"cmsmasters_post_timeline post-16793 post type-post status-publish format-standard has-post-thumbnail hentry category-news\">\r\n\t<div class=\"cmsmasters_post_info entry-meta\"><span class=\"cmsmasters_post_date cmsmasters-icon-calendar-3\"><abbr class=\"published\" title=\"August 21, 2025\"><span class=\"cmsmasters_day\">21<\/span><span class=\"cmsmasters_mon\">Aug<\/span><span class=\"cmsmasters_year\">2025<\/span><\/abbr><abbr class=\"dn date updated\" title=\"August 21, 2025\">August 21, 2025<\/abbr><\/span><\/div>\t<div class=\"cmsmasters_timeline_margin\">\r\n\t\t<div class=\"cmsmasters_post_cont\">\r\n\t\t\t<figure class=\"cmsmasters_img_wrap\"><a href=\"https:\/\/galenica.pe\/english\/instalacion-del-primer-atellica-sci-en-chiclayo\/\" title=\"Instalaci\u00f3n del primer Atellica SCI en Chiclayo\" class=\"cmsmasters_img_link preloader\"><img loading=\"lazy\" decoding=\"async\" width=\"860\" height=\"500\" src=\"https:\/\/galenica.pe\/english\/wp-content\/uploads\/2025\/08\/WhatsApp-Image-2025-08-21-at-13.55.21-860x500.jpeg\" class=\"full-width wp-post-image\" alt=\"Instalaci\u00f3n del primer Atellica SCI en Chiclayo\" title=\"WhatsApp Image 2025-08-21 at 13.55.21\" srcset=\"https:\/\/galenica.pe\/english\/wp-content\/uploads\/2025\/08\/WhatsApp-Image-2025-08-21-at-13.55.21-860x500.jpeg 860w, https:\/\/galenica.pe\/english\/wp-content\/uploads\/2025\/08\/WhatsApp-Image-2025-08-21-at-13.55.21-1032x600.jpeg 1032w\" sizes=\"auto, (max-width: 860px) 100vw, 860px\" \/><\/a><\/figure><header class=\"cmsmasters_post_header entry-header\"><h4 class=\"cmsmasters_post_title entry-title\"><a href=\"https:\/\/galenica.pe\/english\/instalacion-del-primer-atellica-sci-en-chiclayo\/\">Instalaci\u00f3n del primer Atellica SCI en Chiclayo<\/a><\/h4><\/header><div class=\"cmsmasters_post_content entry-content\">\n<p>El equipo de&nbsp;Gal\u00e9nica&nbsp;se encuentra en plena instalaci\u00f3n del&nbsp;primer Atellica SCI&nbsp;en la ciudad de Chiclayo, Per\u00fa, marcando un hito en la...<\/p>\n<\/div>\n<a class=\"cmsmasters_post_read_more\" href=\"https:\/\/galenica.pe\/english\/instalacion-del-primer-atellica-sci-en-chiclayo\/\">Ver M\u00e1s<\/a><footer class=\"cmsmasters_post_footer entry-meta\"><div class=\"cmsmasters_post_footer_meta_info entry-meta\"><span class=\"cmsmasters_likes cmsmasters_post_likes\"><a href=\"#\" onclick=\"cmsmastersLike(16793, false); return false;\" id=\"cmsmastersLike-16793\" class=\"cmsmastersLike cmsmasters_theme_icon_like\"><span>0 <\/span><\/a><\/span><\/div><\/footer>\t\t<\/div>\r\n\t<\/div>\r\n<\/article>\r\n<!-- Finish Post Timeline Article -->\r\n\r\n<!-- Start Post Timeline Article -->\r\n<article id=\"post-16767\" class=\"cmsmasters_post_timeline post-16767 post type-post status-publish format-standard has-post-thumbnail hentry category-news\">\r\n\t<div class=\"cmsmasters_post_info entry-meta\"><span class=\"cmsmasters_post_date cmsmasters-icon-calendar-3\"><abbr class=\"published\" title=\"February 12, 2025\"><span class=\"cmsmasters_day\">12<\/span><span class=\"cmsmasters_mon\">Feb<\/span><span class=\"cmsmasters_year\">2025<\/span><\/abbr><abbr class=\"dn date updated\" title=\"March 30, 2025\">March 30, 2025<\/abbr><\/span><\/div>\t<div class=\"cmsmasters_timeline_margin\">\r\n\t\t<div class=\"cmsmasters_post_cont\">\r\n\t\t\t<figure class=\"cmsmasters_img_wrap\"><a href=\"https:\/\/galenica.pe\/english\/nueva-area-de-citometria-en-hospital-de-emergencias-grau\/\" title=\"Nueva \u00e1rea de citometr\u00eda en hospital de emergencias Grau\" class=\"cmsmasters_img_link preloader\"><img loading=\"lazy\" decoding=\"async\" width=\"860\" height=\"500\" src=\"https:\/\/galenica.pe\/english\/wp-content\/uploads\/2025\/03\/5-860x500.jpg\" class=\"full-width wp-post-image\" alt=\"Nueva \u00e1rea de citometr\u00eda en hospital de emergencias Grau\" title=\"5\" \/><\/a><\/figure><header class=\"cmsmasters_post_header entry-header\"><h4 class=\"cmsmasters_post_title entry-title\"><a href=\"https:\/\/galenica.pe\/english\/nueva-area-de-citometria-en-hospital-de-emergencias-grau\/\">Nueva \u00e1rea de citometr\u00eda en hospital de emergencias Grau<\/a><\/h4><\/header><div class=\"cmsmasters_post_content entry-content\">\n<p>Felicitaciones al hospital de emergencias Grau que inaugur\u00f3 el \u00e1rea de citometr\u00eda de flujo para sub poblaciones linfocitarias, donde ya...<\/p>\n<\/div>\n<a class=\"cmsmasters_post_read_more\" href=\"https:\/\/galenica.pe\/english\/nueva-area-de-citometria-en-hospital-de-emergencias-grau\/\">Ver M\u00e1s<\/a><footer class=\"cmsmasters_post_footer entry-meta\"><div class=\"cmsmasters_post_footer_meta_info entry-meta\"><span class=\"cmsmasters_likes cmsmasters_post_likes\"><a href=\"#\" onclick=\"cmsmastersLike(16767, false); return false;\" id=\"cmsmastersLike-16767\" class=\"cmsmastersLike cmsmasters_theme_icon_like\"><span>0 <\/span><\/a><\/span><\/div><\/footer>\t\t<\/div>\r\n\t<\/div>\r\n<\/article>\r\n<!-- Finish Post Timeline Article -->\r\n\r\n<!-- Start Post Timeline Article -->\r\n<article id=\"post-16766\" class=\"cmsmasters_post_timeline post-16766 post type-post status-publish format-standard has-post-thumbnail hentry category-news\">\r\n\t<div class=\"cmsmasters_post_info entry-meta\"><span class=\"cmsmasters_post_date cmsmasters-icon-calendar-3\"><abbr class=\"published\" title=\"January 15, 2025\"><span class=\"cmsmasters_day\">15<\/span><span class=\"cmsmasters_mon\">Jan<\/span><span class=\"cmsmasters_year\">2025<\/span><\/abbr><abbr class=\"dn date updated\" title=\"March 30, 2025\">March 30, 2025<\/abbr><\/span><\/div>\t<div class=\"cmsmasters_timeline_margin\">\r\n\t\t<div class=\"cmsmasters_post_cont\">\r\n\t\t\t<figure class=\"cmsmasters_img_wrap\"><a href=\"https:\/\/galenica.pe\/english\/nuevo-contador-hematologico-df55\/\" title=\"Nuevo contador hematol\u00f3gico DF55\" class=\"cmsmasters_img_link preloader\"><img loading=\"lazy\" decoding=\"async\" width=\"727\" height=\"399\" src=\"https:\/\/galenica.pe\/english\/wp-content\/uploads\/2025\/03\/7.png\" class=\"full-width wp-post-image\" alt=\"Nuevo contador hematol\u00f3gico DF55\" title=\"7\" srcset=\"https:\/\/galenica.pe\/english\/wp-content\/uploads\/2025\/03\/7.png 727w, https:\/\/galenica.pe\/english\/wp-content\/uploads\/2025\/03\/7-300x165.png 300w, https:\/\/galenica.pe\/english\/wp-content\/uploads\/2025\/03\/7-580x318.png 580w, https:\/\/galenica.pe\/english\/wp-content\/uploads\/2025\/03\/7-600x329.png 600w\" sizes=\"auto, (max-width: 727px) 100vw, 727px\" \/><\/a><\/figure><header class=\"cmsmasters_post_header entry-header\"><h4 class=\"cmsmasters_post_title entry-title\"><a href=\"https:\/\/galenica.pe\/english\/nuevo-contador-hematologico-df55\/\">Nuevo contador hematol\u00f3gico DF55<\/a><\/h4><\/header><div class=\"cmsmasters_post_content entry-content\">\n<p>Nuevo contador hematol\u00f3gico DF55 de la marca Dymind ya en operaci\u00f3n en el Hospital de la Solidaridad Puente Piedra SISOL<\/p>\n<\/div>\n<a class=\"cmsmasters_post_read_more\" href=\"https:\/\/galenica.pe\/english\/nuevo-contador-hematologico-df55\/\">Ver M\u00e1s<\/a><footer class=\"cmsmasters_post_footer entry-meta\"><div class=\"cmsmasters_post_footer_meta_info entry-meta\"><span class=\"cmsmasters_likes cmsmasters_post_likes\"><a href=\"#\" onclick=\"cmsmastersLike(16766, false); return false;\" id=\"cmsmastersLike-16766\" class=\"cmsmastersLike cmsmasters_theme_icon_like\"><span>0 <\/span><\/a><\/span><\/div><\/footer>\t\t<\/div>\r\n\t<\/div>\r\n<\/article>\r\n<!-- Finish Post Timeline Article -->\r\n\r\n<\/div><div class=\"cmsmasters_wrap_more_posts cmsmasters_wrap_more_items\"><div class=\"cmsmasters_wrap_post_loader cmsmasters_wrap_items_loader\">\r\n\t\t\t\t<a href=\"javascript:void(0)\" class=\"cmsmasters_button cmsmasters_post_loader cmsmasters_items_loader\">\r\n\t\t\t\t\t<span>Cargar M\u00e1s<\/span>\r\n\t\t\t\t<\/a>\r\n\t\t\t<\/div><\/div><\/div>\n<\/div><\/div>\n<\/div>\n<\/div>\n<\/div>\n<\/div>\n<\/div>\n\n","protected":false},"excerpt":{"rendered":"","protected":false},"author":1,"featured_media":0,"parent":0,"menu_order":0,"comment_status":"closed","ping_status":"closed","template":"","meta":{"content-type":"","footnotes":""},"class_list":["post-11258","page","type-page","status-publish","hentry"],"_links":{"self":[{"href":"https:\/\/galenica.pe\/english\/wp-json\/wp\/v2\/pages\/11258","targetHints":{"allow":["GET"]}}],"collection":[{"href":"https:\/\/galenica.pe\/english\/wp-json\/wp\/v2\/pages"}],"about":[{"href":"https:\/\/galenica.pe\/english\/wp-json\/wp\/v2\/types\/page"}],"author":[{"embeddable":true,"href":"https:\/\/galenica.pe\/english\/wp-json\/wp\/v2\/users\/1"}],"replies":[{"embeddable":true,"href":"https:\/\/galenica.pe\/english\/wp-json\/wp\/v2\/comments?post=11258"}],"version-history":[{"count":27,"href":"https:\/\/galenica.pe\/english\/wp-json\/wp\/v2\/pages\/11258\/revisions"}],"predecessor-version":[{"id":16727,"href":"https:\/\/galenica.pe\/english\/wp-json\/wp\/v2\/pages\/11258\/revisions\/16727"}],"wp:attachment":[{"href":"https:\/\/galenica.pe\/english\/wp-json\/wp\/v2\/media?parent=11258"}],"curies":[{"name":"wp","href":"https:\/\/api.w.org\/{rel}","templated":true}]}}